{"id":221,"date":"2022-06-06T19:37:30","date_gmt":"2022-06-06T17:37:30","guid":{"rendered":"https:\/\/www.edelweiss-goetzens.com\/?page_id=221"},"modified":"2026-01-28T10:45:12","modified_gmt":"2026-01-28T09:45:12","slug":"clubhotel","status":"publish","type":"page","link":"https:\/\/www.edelweiss-goetzens.com\/?page_id=221","title":{"rendered":"Clubhotel G\u00f6tzens"},"content":{"rendered":"<p>\n\n\n<\/p>\n<p>die Renovierung unserer 27 <a href=\"https:\/\/www.edelweiss-goetzens.com\/?page_id=212\">Doppelzimmer<\/a> im Clubhotel ist jetzt abgeschlossen<\/p>\n<p>\n\n\n<\/p>\n<p>\n\n\n<\/p>\n<figure><img decoding=\"async\" src=\"https:\/\/www.edelweiss-goetzens.com\/wp-content\/uploads\/2022\/06\/Sommer-aussen-03-1024x509.jpg\" alt=\"\"><\/figure>\n<p>\n\n\n<\/p>\n<p>\n\n\n<\/p>\n<p>Hotel ist ruhig und zentral am Waldrand gelegen (ca. 250 Meter zu Fu\u00df ins Zentrum)<\/p>\n<p>\n\n\n<\/p>\n<p>\n\n\n<\/p>\n<p>nahezu perfekte Busverbindung (ab 2 N\u00e4chten Aufenthalt kostenlos) nach Innsbruck<br>200m zu Fu\u00df zur Bushaltestelle in G\u00f6tzens<br>Haltestellen in Innsbruck Zentrum oder Hauptbahnhof<br>wochentags 15min Taktung, Wochenende 30min Taktung (ab 6.00 bis Mitternacht)<\/p>\n<p>\n\n\n<\/p>\n<p>\n\n\n<\/p>\n<p>kostenloser Parkplatz f\u00fcr Motorr\u00e4der und PKWs, Abstellm\u00f6glichkeit f\u00fcr Fahrr\u00e4der und eBikes, Parkplatz f\u00fcr LKWs und Busse auf Anfrage gg. geringe Geb\u00fchr<\/p>\n<p>\n\n\n<\/p>\n<p>\n\n\n<\/p>\n<p><a href=\"https:\/\/www.innsbruck.info\/destination\/unterkuenfte\/welcome-card.html\">Welcome Card<\/a> (kostenlose G\u00e4stekarte)  <br>u.a. ab 2d Aufenthalt alle \u00f6ffentlichen Verkehrsmittel kostenlos, ab 3d Aufenthalt auch kostenlose Fahrten mit Bergbahnen mit dabei<\/p>\n<p>\n\n\n<\/p>\n<p>\n\n\n<\/p>\n<p>Self Service<br>zum Check-In hinterlegen wir Ihnen gerne ein Kuvert mit Ihrem Zimmerschl\u00fcssel an der Rezeption<br>Check-Out und Bezahlung oder weitere Infos gerne an der Rezeption im Hotel Edelweiss<\/p>\n<p>\n\n\n<\/p>\n<p>\n\n<p>s\u00e4mtliche Einrichtungen im Hotel Edelweiss k\u00f6nnen gerne genutzt werden<br \/>unter anderem<br \/>&#8211; Wellnessbereich mit Hallenbad, Sauna &amp; Dampfbad<br \/>&#8211; Restaurant<br \/>&#8211; E-Auto Schnellader 2 x 22kw<\/p>\n<p>\u00a0<\/p>\n\n\n\n\n<\/p>\n<p>5 Restaurants, 3 Bars\/Cafes, 2 Superm\u00e4rkte, 2 B\u00e4cker, Tabaktrafik, 2 \u00c4rzte in der nahen Umgebung zu Fu\u00df erreichbar<\/p>\n<p>\n\n\n<\/p>\n<p>\n\n\n<\/p>\n<p>Adresse: Nockspitzweg 5-7,  6091 G\u00f6tzens, 100m vom Hotel Edelweiss entfernt<\/p>\n<p>\n\n\n<\/p>","protected":false},"excerpt":{"rendered":"<p>die Renovierung unserer 27 Doppelzimmer im Clubhotel ist jetzt abgeschlossen Hotel ist ruhig und zentral am Waldrand gelegen (ca. 250 Meter zu Fu\u00df ins Zentrum) nahezu perfekte Busverbindung (ab 2 N\u00e4chten Aufenthalt kostenlos) nach Innsbruck200m zu Fu\u00df zur Bushaltestelle in G\u00f6tzensHaltestellen in Innsbruck Zentrum oder Hauptbahnhofwochentags 15min Taktung, Wochenende 30min Taktung (ab 6.00 bis Mitternacht) [&hellip;]<\/p>\n","protected":false},"author":1,"featured_media":0,"parent":0,"menu_order":0,"comment_status":"closed","ping_status":"closed","template":"","meta":{"footnotes":""},"class_list":["post-221","page","type-page","status-publish","hentry"],"_links":{"self":[{"href":"https:\/\/www.edelweiss-goetzens.com\/index.php?rest_route=\/wp\/v2\/pages\/221","targetHints":{"allow":["GET"]}}],"collection":[{"href":"https:\/\/www.edelweiss-goetzens.com\/index.php?rest_route=\/wp\/v2\/pages"}],"about":[{"href":"https:\/\/www.edelweiss-goetzens.com\/index.php?rest_route=\/wp\/v2\/types\/page"}],"author":[{"embeddable":true,"href":"https:\/\/www.edelweiss-goetzens.com\/index.php?rest_route=\/wp\/v2\/users\/1"}],"replies":[{"embeddable":true,"href":"https:\/\/www.edelweiss-goetzens.com\/index.php?rest_route=%2Fwp%2Fv2%2Fcomments&post=221"}],"version-history":[{"count":13,"href":"https:\/\/www.edelweiss-goetzens.com\/index.php?rest_route=\/wp\/v2\/pages\/221\/revisions"}],"predecessor-version":[{"id":362,"href":"https:\/\/www.edelweiss-goetzens.com\/index.php?rest_route=\/wp\/v2\/pages\/221\/revisions\/362"}],"wp:attachment":[{"href":"https:\/\/www.edelweiss-goetzens.com\/index.php?rest_route=%2Fwp%2Fv2%2Fmedia&parent=221"}],"curies":[{"name":"wp","href":"https:\/\/api.w.org\/{rel}","templated":true}]}}