{"id":212,"date":"2022-06-06T18:57:23","date_gmt":"2022-06-06T16:57:23","guid":{"rendered":"https:\/\/www.edelweiss-goetzens.com\/?page_id=212"},"modified":"2022-06-24T13:46:06","modified_gmt":"2022-06-24T11:46:06","slug":"clubhotel-doppelzimmer","status":"publish","type":"page","link":"https:\/\/www.edelweiss-goetzens.com\/?page_id=212","title":{"rendered":"Doppelzimmer Clubhotel"},"content":{"rendered":"\n<figure class=\"wp-block-image size-full\"><img loading=\"lazy\" decoding=\"async\" width=\"1024\" height=\"768\" src=\"https:\/\/www.edelweiss-goetzens.com\/wp-content\/uploads\/2022\/06\/Zimmer_klein.jpeg\" alt=\"\" class=\"wp-image-254\" srcset=\"https:\/\/www.edelweiss-goetzens.com\/wp-content\/uploads\/2022\/06\/Zimmer_klein.jpeg 1024w, https:\/\/www.edelweiss-goetzens.com\/wp-content\/uploads\/2022\/06\/Zimmer_klein-300x225.jpeg 300w, https:\/\/www.edelweiss-goetzens.com\/wp-content\/uploads\/2022\/06\/Zimmer_klein-768x576.jpeg 768w\" sizes=\"auto, (max-width: 1024px) 100vw, 1024px\" \/><\/figure>\n\n\n\n<p>gem\u00fctlich eingerichtet mit <br>Boxspringbetten 180&#215;200 (Doppelbett oder Twin-Bett m\u00f6glich) mit bequemen Komfortmatratzen 18cm<br>Schrank, Garderobe, <br>kleiner Schreibtisch, Sitzgelegenheit<\/p>\n\n\n\n<p>alle Zimmer mit eigenem Balkon mit Tischchen und St\u00fchlen<\/p>\n\n\n\n<p>Dusche &amp; WC, Handt\u00fccher, Seife, Duschlotion<\/p>\n\n\n\n<p>schnelles WiFi<\/p>\n\n\n\n<p>TV mit Sat<\/p>\n\n\n\n<p>kostenloser Parkplatz f\u00fcr Motorr\u00e4der und PKWs, Abstellm\u00f6glichkeit f\u00fcr Fahrr\u00e4der und eBikes, Parkplatz f\u00fcr LKWs und Busse auf Anfrage gg. geringe Geb\u00fchr<\/p>\n\n\n\n<p>grunds\u00e4tzlich room-only<\/p>\n\n\n\n<figure class=\"wp-block-gallery has-nested-images columns-default is-cropped wp-block-gallery-1 is-layout-flex wp-block-gallery-is-layout-flex\">\n<figure class=\"wp-block-image size-large\"><img loading=\"lazy\" decoding=\"async\" width=\"768\" height=\"1024\" data-id=\"253\" src=\"https:\/\/www.edelweiss-goetzens.com\/wp-content\/uploads\/2022\/06\/Zimmer2_klein.jpeg\" alt=\"\" class=\"wp-image-253\" srcset=\"https:\/\/www.edelweiss-goetzens.com\/wp-content\/uploads\/2022\/06\/Zimmer2_klein.jpeg 768w, https:\/\/www.edelweiss-goetzens.com\/wp-content\/uploads\/2022\/06\/Zimmer2_klein-225x300.jpeg 225w\" sizes=\"auto, (max-width: 768px) 100vw, 768px\" \/><\/figure>\n\n\n\n<figure class=\"wp-block-image size-large\"><img loading=\"lazy\" decoding=\"async\" width=\"768\" height=\"1024\" data-id=\"247\" src=\"https:\/\/www.edelweiss-goetzens.com\/wp-content\/uploads\/2022\/06\/CH_Bad5_klein.jpeg\" alt=\"\" class=\"wp-image-247\" srcset=\"https:\/\/www.edelweiss-goetzens.com\/wp-content\/uploads\/2022\/06\/CH_Bad5_klein.jpeg 768w, https:\/\/www.edelweiss-goetzens.com\/wp-content\/uploads\/2022\/06\/CH_Bad5_klein-225x300.jpeg 225w\" sizes=\"auto, (max-width: 768px) 100vw, 768px\" \/><\/figure>\n\n\n\n<figure class=\"wp-block-image size-large\"><img loading=\"lazy\" decoding=\"async\" width=\"768\" height=\"1024\" data-id=\"245\" src=\"https:\/\/www.edelweiss-goetzens.com\/wp-content\/uploads\/2022\/06\/CH_Bad4_klein.jpeg\" alt=\"\" class=\"wp-image-245\" srcset=\"https:\/\/www.edelweiss-goetzens.com\/wp-content\/uploads\/2022\/06\/CH_Bad4_klein.jpeg 768w, https:\/\/www.edelweiss-goetzens.com\/wp-content\/uploads\/2022\/06\/CH_Bad4_klein-225x300.jpeg 225w\" sizes=\"auto, (max-width: 768px) 100vw, 768px\" \/><\/figure>\n\n\n\n<figure class=\"wp-block-image size-large\"><img loading=\"lazy\" decoding=\"async\" width=\"768\" height=\"1024\" data-id=\"255\" src=\"https:\/\/www.edelweiss-goetzens.com\/wp-content\/uploads\/2022\/06\/Zimmer3_klein.jpeg\" alt=\"\" class=\"wp-image-255\" srcset=\"https:\/\/www.edelweiss-goetzens.com\/wp-content\/uploads\/2022\/06\/Zimmer3_klein.jpeg 768w, https:\/\/www.edelweiss-goetzens.com\/wp-content\/uploads\/2022\/06\/Zimmer3_klein-225x300.jpeg 225w\" sizes=\"auto, (max-width: 768px) 100vw, 768px\" \/><\/figure>\n\n\n\n<figure class=\"wp-block-image size-large\"><img loading=\"lazy\" decoding=\"async\" width=\"1024\" height=\"768\" data-id=\"254\" src=\"https:\/\/www.edelweiss-goetzens.com\/wp-content\/uploads\/2022\/06\/Zimmer_klein.jpeg\" alt=\"\" class=\"wp-image-254\" srcset=\"https:\/\/www.edelweiss-goetzens.com\/wp-content\/uploads\/2022\/06\/Zimmer_klein.jpeg 1024w, https:\/\/www.edelweiss-goetzens.com\/wp-content\/uploads\/2022\/06\/Zimmer_klein-300x225.jpeg 300w, https:\/\/www.edelweiss-goetzens.com\/wp-content\/uploads\/2022\/06\/Zimmer_klein-768x576.jpeg 768w\" sizes=\"auto, (max-width: 1024px) 100vw, 1024px\" \/><\/figure>\n\n\n\n<figure class=\"wp-block-image size-large\"><img loading=\"lazy\" decoding=\"async\" width=\"1024\" height=\"768\" data-id=\"252\" src=\"https:\/\/www.edelweiss-goetzens.com\/wp-content\/uploads\/2022\/06\/Bett_klein.jpeg\" alt=\"\" class=\"wp-image-252\" srcset=\"https:\/\/www.edelweiss-goetzens.com\/wp-content\/uploads\/2022\/06\/Bett_klein.jpeg 1024w, https:\/\/www.edelweiss-goetzens.com\/wp-content\/uploads\/2022\/06\/Bett_klein-300x225.jpeg 300w, https:\/\/www.edelweiss-goetzens.com\/wp-content\/uploads\/2022\/06\/Bett_klein-768x576.jpeg 768w\" sizes=\"auto, (max-width: 1024px) 100vw, 1024px\" \/><\/figure>\n\n\n\n<figure class=\"wp-block-image size-large\"><img loading=\"lazy\" decoding=\"async\" width=\"768\" height=\"1024\" data-id=\"251\" src=\"https:\/\/www.edelweiss-goetzens.com\/wp-content\/uploads\/2022\/06\/Bett2_klein.jpeg\" alt=\"\" class=\"wp-image-251\" srcset=\"https:\/\/www.edelweiss-goetzens.com\/wp-content\/uploads\/2022\/06\/Bett2_klein.jpeg 768w, https:\/\/www.edelweiss-goetzens.com\/wp-content\/uploads\/2022\/06\/Bett2_klein-225x300.jpeg 225w\" sizes=\"auto, (max-width: 768px) 100vw, 768px\" \/><\/figure>\n\n\n\n<figure class=\"wp-block-image size-large\"><img loading=\"lazy\" decoding=\"async\" width=\"768\" height=\"1024\" data-id=\"249\" src=\"https:\/\/www.edelweiss-goetzens.com\/wp-content\/uploads\/2022\/06\/CH_Bad2_klein.jpeg\" alt=\"\" class=\"wp-image-249\" srcset=\"https:\/\/www.edelweiss-goetzens.com\/wp-content\/uploads\/2022\/06\/CH_Bad2_klein.jpeg 768w, https:\/\/www.edelweiss-goetzens.com\/wp-content\/uploads\/2022\/06\/CH_Bad2_klein-225x300.jpeg 225w\" sizes=\"auto, (max-width: 768px) 100vw, 768px\" \/><\/figure>\n\n\n\n<figure class=\"wp-block-image size-large\"><img loading=\"lazy\" decoding=\"async\" width=\"768\" height=\"1024\" data-id=\"250\" src=\"https:\/\/www.edelweiss-goetzens.com\/wp-content\/uploads\/2022\/06\/CH_Bad1_klein.jpeg\" alt=\"\" class=\"wp-image-250\" srcset=\"https:\/\/www.edelweiss-goetzens.com\/wp-content\/uploads\/2022\/06\/CH_Bad1_klein.jpeg 768w, https:\/\/www.edelweiss-goetzens.com\/wp-content\/uploads\/2022\/06\/CH_Bad1_klein-225x300.jpeg 225w\" sizes=\"auto, (max-width: 768px) 100vw, 768px\" \/><\/figure>\n\n\n\n<figure class=\"wp-block-image size-large\"><img loading=\"lazy\" decoding=\"async\" width=\"768\" height=\"1024\" data-id=\"248\" src=\"https:\/\/www.edelweiss-goetzens.com\/wp-content\/uploads\/2022\/06\/CH_Bad3_klein.jpeg\" alt=\"\" class=\"wp-image-248\" srcset=\"https:\/\/www.edelweiss-goetzens.com\/wp-content\/uploads\/2022\/06\/CH_Bad3_klein.jpeg 768w, https:\/\/www.edelweiss-goetzens.com\/wp-content\/uploads\/2022\/06\/CH_Bad3_klein-225x300.jpeg 225w\" sizes=\"auto, (max-width: 768px) 100vw, 768px\" \/><\/figure>\n\n\n\n<figure class=\"wp-block-image size-large\"><img loading=\"lazy\" decoding=\"async\" width=\"768\" height=\"1024\" data-id=\"246\" src=\"https:\/\/www.edelweiss-goetzens.com\/wp-content\/uploads\/2022\/06\/CH_Bad6_klein.jpeg\" alt=\"\" class=\"wp-image-246\" srcset=\"https:\/\/www.edelweiss-goetzens.com\/wp-content\/uploads\/2022\/06\/CH_Bad6_klein.jpeg 768w, https:\/\/www.edelweiss-goetzens.com\/wp-content\/uploads\/2022\/06\/CH_Bad6_klein-225x300.jpeg 225w\" sizes=\"auto, (max-width: 768px) 100vw, 768px\" \/><\/figure>\n<\/figure>\n","protected":false},"excerpt":{"rendered":"<p>gem\u00fctlich eingerichtet mit Boxspringbetten 180&#215;200 (Doppelbett oder Twin-Bett m\u00f6glich) mit bequemen Komfortmatratzen 18cmSchrank, Garderobe, kleiner Schreibtisch, Sitzgelegenheit alle Zimmer mit eigenem Balkon mit Tischchen und St\u00fchlen Dusche &amp; WC, Handt\u00fccher, Seife, Duschlotion schnelles WiFi TV mit Sat kostenloser Parkplatz f\u00fcr Motorr\u00e4der und PKWs, Abstellm\u00f6glichkeit f\u00fcr Fahrr\u00e4der und eBikes, Parkplatz f\u00fcr LKWs und Busse auf Anfrage [&hellip;]<\/p>\n","protected":false},"author":1,"featured_media":0,"parent":112,"menu_order":0,"comment_status":"closed","ping_status":"closed","template":"","meta":{"footnotes":""},"class_list":["post-212","page","type-page","status-publish","hentry"],"_links":{"self":[{"href":"https:\/\/www.edelweiss-goetzens.com\/index.php?rest_route=\/wp\/v2\/pages\/212","targetHints":{"allow":["GET"]}}],"collection":[{"href":"https:\/\/www.edelweiss-goetzens.com\/index.php?rest_route=\/wp\/v2\/pages"}],"about":[{"href":"https:\/\/www.edelweiss-goetzens.com\/index.php?rest_route=\/wp\/v2\/types\/page"}],"author":[{"embeddable":true,"href":"https:\/\/www.edelweiss-goetzens.com\/index.php?rest_route=\/wp\/v2\/users\/1"}],"replies":[{"embeddable":true,"href":"https:\/\/www.edelweiss-goetzens.com\/index.php?rest_route=%2Fwp%2Fv2%2Fcomments&post=212"}],"version-history":[{"count":8,"href":"https:\/\/www.edelweiss-goetzens.com\/index.php?rest_route=\/wp\/v2\/pages\/212\/revisions"}],"predecessor-version":[{"id":257,"href":"https:\/\/www.edelweiss-goetzens.com\/index.php?rest_route=\/wp\/v2\/pages\/212\/revisions\/257"}],"up":[{"embeddable":true,"href":"https:\/\/www.edelweiss-goetzens.com\/index.php?rest_route=\/wp\/v2\/pages\/112"}],"wp:attachment":[{"href":"https:\/\/www.edelweiss-goetzens.com\/index.php?rest_route=%2Fwp%2Fv2%2Fmedia&parent=212"}],"curies":[{"name":"wp","href":"https:\/\/api.w.org\/{rel}","templated":true}]}}