{"id":162,"date":"2022-01-04T09:36:39","date_gmt":"2022-01-04T08:36:39","guid":{"rendered":"https:\/\/www.edelweiss-goetzens.com\/?page_id=162"},"modified":"2022-01-04T09:38:05","modified_gmt":"2022-01-04T08:38:05","slug":"sommer","status":"publish","type":"page","link":"https:\/\/www.edelweiss-goetzens.com\/?page_id=162","title":{"rendered":"Sommer"},"content":{"rendered":"\n<p>Sommer in G\u00f6tzens \/ Tirol<\/p>\n\n\n\n<p>unsere Sommersaison beginnt bereits Anfang Mai und geht bis in den sp\u00e4ten Herbst (ideale Wanderzeit) bis ca. Mitte November.<\/p>\n\n\n\n<p>G\u00f6tzens liegt sehr zentral im Herzen von Tirol direkt neben unserer Landeshauptstadt Innsbruck.<\/p>\n\n\n\n<p>F\u00fcr Unterhaltung f\u00fcr jung- und alt ist jederzeit gesorgt<\/p>\n\n\n\n<ul class=\"wp-block-list\"><li>Wandern<\/li><li>Sightseeing<\/li><li>Entspannung<\/li><li>Shoppen<\/li><li>Kultur<\/li><li>Ausgehen \/ Weggehen<\/li><li>Paragleiten \/ Segelfliegen \/ Bungee-Jumping<\/li><li>&#8230;<\/li><\/ul>\n","protected":false},"excerpt":{"rendered":"<p>Sommer in G\u00f6tzens \/ Tirol unsere Sommersaison beginnt bereits Anfang Mai und geht bis in den sp\u00e4ten Herbst (ideale Wanderzeit) bis ca. Mitte November. G\u00f6tzens liegt sehr zentral im Herzen von Tirol direkt neben unserer Landeshauptstadt Innsbruck. F\u00fcr Unterhaltung f\u00fcr jung- und alt ist jederzeit gesorgt Wandern Sightseeing Entspannung Shoppen Kultur Ausgehen \/ Weggehen Paragleiten [&hellip;]<\/p>\n","protected":false},"author":1,"featured_media":0,"parent":160,"menu_order":0,"comment_status":"closed","ping_status":"closed","template":"","meta":{"footnotes":""},"class_list":["post-162","page","type-page","status-publish","hentry"],"_links":{"self":[{"href":"https:\/\/www.edelweiss-goetzens.com\/index.php?rest_route=\/wp\/v2\/pages\/162","targetHints":{"allow":["GET"]}}],"collection":[{"href":"https:\/\/www.edelweiss-goetzens.com\/index.php?rest_route=\/wp\/v2\/pages"}],"about":[{"href":"https:\/\/www.edelweiss-goetzens.com\/index.php?rest_route=\/wp\/v2\/types\/page"}],"author":[{"embeddable":true,"href":"https:\/\/www.edelweiss-goetzens.com\/index.php?rest_route=\/wp\/v2\/users\/1"}],"replies":[{"embeddable":true,"href":"https:\/\/www.edelweiss-goetzens.com\/index.php?rest_route=%2Fwp%2Fv2%2Fcomments&post=162"}],"version-history":[{"count":1,"href":"https:\/\/www.edelweiss-goetzens.com\/index.php?rest_route=\/wp\/v2\/pages\/162\/revisions"}],"predecessor-version":[{"id":163,"href":"https:\/\/www.edelweiss-goetzens.com\/index.php?rest_route=\/wp\/v2\/pages\/162\/revisions\/163"}],"up":[{"embeddable":true,"href":"https:\/\/www.edelweiss-goetzens.com\/index.php?rest_route=\/wp\/v2\/pages\/160"}],"wp:attachment":[{"href":"https:\/\/www.edelweiss-goetzens.com\/index.php?rest_route=%2Fwp%2Fv2%2Fmedia&parent=162"}],"curies":[{"name":"wp","href":"https:\/\/api.w.org\/{rel}","templated":true}]}}